t derivative of 21*k**2/2 - 17*k - 66. What is the tens digit of z(7)?
3
Suppose 0 = 24*t - 115466 + 8978. What is the hundreds digit of t?
4
Let d = -51 + 53. Suppose 277 = d*c - 223. Suppose -z - z = 3*m - c, -2*m - 2*z + 170 = 0. What is the tens digit of m?
8
Let u be (0/((-6)/15*-5))/1. Suppose -3*y + 2*y - 5*q + 140 = u, 0 = -4*y + 4*q + 560. Suppose 5*w = -r + 77 + 110, 4*w = -4*r + y. What is the tens digit of w?
3
What is the units digit of ((-927)/72 - -13)*39512?
9
Let s(k) = 50 - 28 + 147*k - 43 - 207. What is the tens digit of s(14)?
3
Let x(v) = v - 1. Let y(h) = 4*h - 4*h + 12 + 1 + 7*h. Let p(w) = -6*x(w) + y(w). What is the tens digit of p(6)?
2
Let d(s) be the first derivative of 15*s**2 - 34*s + 17. What is the units digit of d(10)?
6
What is the units digit of (-31916)/(-13) + (-146)/1898?
5
Let w(t) = -8*t + 30. Let o be w(0). Suppose -o + 268 = 7*c. Suppose s + c - 145 = 0. What is the hundreds digit of s?
1
Let a(h) = -686*h - 1579. What is the tens digit of a(-21)?
2
Let s be ((-12)/21)/((-8)/56). Let t be (-9)/(-2) + (-2)/s*-1. What is the units digit of (-90)/(-2 + t)*8/(-20)?
2
Suppose -76*h + 1093268 - 172579 = 26701. What is the units digit of h?
3
Suppose 4*n + 3*j - 162951 = 119975, 141450 = 2*n - 5*j. What is the ten thousands digit of n?
7
What is the hundreds digit of (-4)/6*(-72991 + -278)?
8
Let r be -3*3*(-2)/9. Let x(g) = -4*g - 3 + r*g**2 + 5*g**2 - 8*g**3 - 16*g**2 + 7*g**2. What is the units digit of x(-1)?
7
Let j = 7285 + -1665. Suppose -4*p = 0, f = 6*f - 2*p - j. What is the thousands digit of f?
1
Suppose -5*g + 63 = 13. Suppose -12*z + g*z = -6. Suppose 6*y + z*a = 2*y + 297, y + 5*a - 87 = 0. What is the units digit of y?
2
Let d(z) be the first derivative of 13*z**5/120 + 7*z**4/24 + 2*z**3 - 27. Let h(u) be the third derivative of d(u). What is the tens digit of h(4)?
5
Let f(h) = -14917*h - 3289. What is the units digit of f(-2)?
5
Suppose 7*m + 21*m - 45*m = -110721. What is the thousands digit of m?
6
Let p(w) = 11*w**3 - 5*w**2 + 10*w + 31. Let z(l) = l**2 - 1. Let t(o) = -p(o) - 5*z(o). What is the tens digit of t(-3)?
0
What is the thousands digit of ((-108)/30)/((-68)/25874*2/20)?
3
Let t(a) = -5*a - 26. Let f be t(-14). Let l = -83 + f. Let k = 50 + l. What is the tens digit of k?
1
Let r = -255 - 46. Let s = -126 - r. What is the hundreds digit of s?
1
Let k(h) = -10 + 13 - 81*h**2 - 2*h + 82*h**2. What is the units digit of k(7)?
8
Let v(y) = 13*y**2 + 2*y + 12. Let r be v(6). Suppose 11*t = 15*t + r. Let b = -50 - t. What is the tens digit of b?
7
Let o(d) = -286*d + 4198. What is the thousands digit of o(-86)?
8
Let d = -45 + 89. Let a(u) = -5*u + 133 - d + 74 + 3*u. What is the hundreds digit of a(0)?
1
Let x be -952*(42/12 + -3). What is the hundreds digit of (x/8)/(-7)*-1*-62?
5
Suppose -u - u = 4*f - 12, -f + 3 = 0. Let b(o) = -o + 33 + o**2 + 2*o + 13. What is the tens digit of b(u)?
4
Suppose n - m = 1508 + 1100, 5*n - 13016 = m. What is the units digit of n?
2
Suppose -156*s + 153*s = 1827. Let g = s - -1641. What is the units digit of g?
2
Suppose 47*y - 2100951 + 850201 = -78*y. What is the units digit of y?
6
Let s(r) = 13*r**2 - 8*r - 48. Let w be s(9). Suppose 5*x - w = -4*g, -4*x + 750 = 3*g + 2*g. What is the units digit of x?
5
What is the tens digit of ((-1)/(-1))/((-17)/(-14723 - -1))?
6
Let r(g) = -2*g + 36. Let j(z) = -z - 17. Let u be j(4). What is the units digit of r(u)?
8
What is the thousands digit of (-147080)/(-28) - (144/21 + -7)?
5
Let t = 1024 + -488. Let f = t - 533. What is the units digit of f?
3
Suppose 0 = 5*s - 84 + 24. Suppose -r = s*r - 572. What is the units digit of (-6)/(-9) + r/6?
8
Let t(r) = -r**2 + 5*r - 3. Let v be t(2). Let j(q) = -34 - 3*q + 66*q**v + 30 - 283*q**3. What is the tens digit of j(-1)?
1
Let b be (-1452)/27 - 4/18. Suppose 5*q = p - 6*p + 15, p = 5*q + 3. What is the hundreds digit of -4 - (p - 1)*b?
1
Let z(m) = -m**2 + 4*m + 10. Let r be z(5). Suppose 4*w - 3*w - 3*a = 353, 0 = -w + r*a + 345. What is the hundreds digit of w?
3
Suppose 5*m - 380*u - 148817 = -384*u, -3*u = 4*m - 119052. What is the tens digit of m?
5
Suppose -31*f - 193150 = -81*f. What is the units digit of f?
3
Let f = 271 + -267. Suppose 2*c = -f*s + 1702, 7 = 2*c - 3. What is the hundreds digit of s?
4
Suppose -3*f - 9074 + 32594 = 0. What is the thousands digit of f?
7
Suppose 110881 = 22*l - 211309. What is the tens digit of l?
4
Let u(t) be the second derivative of t**3/3 + 21*t**2/2 + 15*t. Let r be u(-7). Suppose w = -1 - 0, 0 = 2*i - 3*w - r. What is the units digit of i?
2
What is the hundreds digit of (-3898450)/(-125) - (-5)/(-10)*8/(-10)?
1
Let y(n) = -n**3 - 5*n**2 + 15*n + 1. Let a be y(-7). Let g = -1 - a. Suppose 3*s + 41 = 4*s - 3*p, -g*s + p = -247. What is the units digit of s?
0
Let m be -36*(-1 + 35/15). Let o = m + 44. What is the units digit of (4/(-6))/(o/396)?
6
Let z = 1477 - -392. Let f = z - 923. What is the tens digit of f?
4
Suppose -3*v = -2*h + 3026, h + v = 2*v + 1513. Suppose -7*q + 279 + h = 0. What is the tens digit of q?
5
Let u = 551 - -19. Suppose 5*d - u = -5*y, -3*y + 10 = -8*y. Let k = 240 - d. What is the tens digit of k?
2
Suppose -1 + 5 = 2*y. Suppose -y*b - 2*b = -b. Suppose -3*o + 219 + 69 = b. What is the tens digit of o?
9
Let w(z) = z**3 + 4*z**2 + 4*z + 5. Suppose 0 = 9*i - 3*i + 18. Let j be w(i). Suppose 0*t = j*t - 332. What is the units digit of t?
6
Suppose 32*m = 41*m - 45. What is the units digit of (-1624)/(-7)*m - 1?
9
Let j be ((-128)/(-12) - 2)/(4/2136). Suppose -35*c = -22*c - j. What is the hundreds digit of c?
3
Let o(b) = b**3 - 74*b**2 - 36*b + 1260. What is the hundreds digit of o(79)?
6
Let h = 5206 - -348. What is the units digit of h?
4
Let r(n) = -26*n + 84. Let i be r(3). Suppose 34 = 7*s + i. What is the units digit of s?
4
Suppose 4*r - 20 + 4 = 0. What is the hundreds digit of (-2)/(((-6)/r)/((-90810)/(-120)))?
0
Suppose 9*c - 694 = 467. Let g = 311 - c. What is the units digit of g?
2
Let a(k) = -k**3 - 3*k**2 + 9*k - 8. Let h be a(-5). What is the units digit of h/(6/10)*566/(-5)?
6
Let x(d) = 564*d + 949. What is the units digit of x(22)?
7
Suppose 3*b = 5*i - 7, -5 = -2*i + 2*b - 3*b. Let q be (i/3)/((-30)/12645). Let k = q - -396. What is the hundreds digit of k?
1
What is the units digit of ((-4468)/(-5))/1 - (-8)/20?
4
Suppose 4*y + 1 = 5, -y = 5*h - 7556. Let v = -610 + h. What is the hundreds digit of v?
9
Let g(j) = -j**3 + 21*j**2 + 4*j - 5. Suppose 0 = 566*v - 572*v + 78. What is the units digit of g(v)?
9
Let x(h) = 34*h**2 + 3*h - 27. Let q = -110 + 106. What is the units digit of x(q)?
5
Suppose -67*f = -24*f - 539048. What is the hundreds digit of f?
5
Let k = -171 + 88. Let w = k + 83. Suppose -5*c = -15 - w. What is the units digit of c?
3
Let k = 1222 - 685. Suppose -k - 3788 = -5*u. What is the tens digit of u?
6
Let n = -107326 - -151322. What is the ten thousands digit of n?
4
Suppose 2*g = -f + 75558 - 14359, 3*g - 3*f = 91803. What is the units digit of g?
0
Let x = 36 + -33. Let y(c) = -8*c + 12. Let v be y(x). What is the tens digit of (v/8 + 2)/(1/120)?
6
Let c(l) = 3*l**2 - 10*l - 14. Let h be c(8). Let y = -22 + h. Suppose 5*b + 4*t - 762 = 0, 3*b + 5*t = -y + 528. What is the hundreds digit of b?
1
What is the hundreds digit of (((-4)/18)/((-27)/(-430677)))/(4/(-6))?
3
Let l = -330 + 310. Let r(f) = -17*f - 215. What is the units digit of r(l)?
5
Let j(t) = -t**3 + 6*t**2 - 2*t - 9. Let w be j(5). What is the units digit of 2/(((4 + 2)/w)/614)?
8
Let v(w) = 4*w**2 - 28*w + 13. Suppose 24*s = 18*s + 54. Let n be v(s). Suppose -662 = -4*r + 3*z, -r + n + 76 = -3*z. What is the hundreds digit of r?
1
Let n = -6 - -4. Let m = -12315 - -12306. What is the units digit of ((-3410)/15)/n + (-3)/m?
4
Let x(r) = -24*r**2 - 17 + 12*r**2 - r**3 + r - 11. Let m be x(-12). What is the hundreds digit of m/15*(-1356)/16?
2
Suppose 14*o = 34*o - 60. Suppose -5*l - o*v + 1022 = 0, 403 = 3*l + 5*v - 207. What is the tens digit of l?
0
Let s(n) = -40*n - 2. Let r(t) = t - 1. Let i(y) = 3*r(y) + s(y). Let z be i(-10). Suppose -8*f = -13*f + z. What is the tens digit of f?
7
Let s(c) = -c**2 + 2*c + 9. Let o be s(0). What is the units digit of (18 + (-20)/(-5))/(6/o